n base 5, what is -33301 - -1020311?
432010
In base 8, what is 42407137 - 4?
42407133
In base 13, what is 5 - 7c51cc?
-7c51c7
In base 4, what is -11002 - -113213300?
113202232
In base 10, what is 3 + 345687?
345690
In base 9, what is -423638 + -138?
-423777
In base 6, what is 5 + -22222425?
-22222420
In base 15, what is -1526 - -1b74?
64d
In base 2, what is 1100 - 110010111111010100101?
-110010111111010011001
In base 9, what is 52387240 + -4?
52387235
In base 14, what is -3b64d05 - -2?
-3b64d03
In base 6, what is 23155 + -3025035?
-3001440
In base 13, what is 698633 - 3?
698630
In base 3, what is 10 - -102200201011112?
102200201011122
In base 13, what is -2775 + 4a9a0?
48228
In base 8, what is 30141363 + 7?
30141372
In base 12, what is -13875 - 5b8?
-14271
In base 3, what is 1212120022122 - 1221?
1212120020201
In base 8, what is 57625 - 625?
57000
In base 8, what is -1205217 - 24?
-1205243
In base 6, what is 5305300 - 2100?
5303200
In base 14, what is -2 - 1038b2a?
-1038b2c
In base 11, what is 4 + -7185175a?
-71851756
In base 14, what is -1674b6 - -9b?
-167419
In base 9, what is -8574776 - -4?
-8574772
In base 7, what is 616240 + 41?
616311
In base 11, what is -280 - 304895?
-305065
In base 5, what is -112112 + -3033?
-120200
In base 5, what is 331 + -3001200?
-3000314
In base 15, what is -b + -320ad05?
-320ad11
In base 7, what is -14 + -6612322?
-6612336
In base 11, what is -197 + 16a587?
16a3a0
In base 12, what is 12 - -9a2123?
9a2135
In base 3, what is 11021000100012022 + 11?
11021000100012110
In base 15, what is -9 + 85a9c?
85a93
In base 16, what is 18cdd - 15c?
18b81
In base 12, what is 33b - 2a287?
-29b48
In base 14, what is b - -459b1a?
459b27
In base 11, what is -1387 - -5194?
3908
In base 8, what is 134202 - -242?
134444
In base 16, what is 5 - -1c8b9fb?
1c8ba00
In base 11, what is 39824 + 2955?
41679
In base 7, what is -1 - -1160016?
1160015
In base 12, what is -1 + -5a07830?
-5a07831
In base 13, what is -72a5b - -10a?
-72951
In base 9, what is 5 - 472224650?
-472224644
In base 14, what is 987aa6 + 9?
987ab1
In base 6, what is -103 - 11422053?
-11422200
In base 12, what is b5198 + -93?
b5105
In base 12, what is 10093 + -79?
10016
In base 5, what is -10432 + 444121?
433134
In base 9, what is 1268334 - 55?
1268268
In base 14, what is 149778 + -80?
1496d8
In base 6, what is -14022554 + 333?
-14022221
In base 9, what is -371212 - 70?
-371282
In base 10, what is -4 + -1781572?
-1781576
In base 5, what is 23 - 123343043?
-123343020
In base 2, what is 100 - -100011101010100110010110?
100011101010100110011010
In base 11, what is 333 + -1061?
-829
In base 6, what is 14 - -10225411422?
10225411440
In base 7, what is -2 - -3041265?
3041263
In base 2, what is 1110011001110100 + -10010011?
1110010111100001
In base 15, what is -1 - 31760e?
-317610
In base 9, what is 806631 - 134?
806486
In base 7, what is -25565 + -33052?
-61650
In base 11, what is -245256 + 2?
-245254
In base 13, what is -5cc + 117a7?
111a8
In base 12, what is -31b97 + 362?
-31835
In base 14, what is 39 + 42538d?
4253c8
In base 3, what is -11011 + -1121220012?
-1122001100
In base 3, what is -2 - 21001011200?
-21001011202
In base 4, what is 2323013 + 232103?
3221122
In base 13, what is -20a + 1ac06?
1a9c9
In base 15, what is 1d4 + c0c9?
c2ad
In base 6, what is -541240 + -402?
-542042
In base 15, what is -239 + 12548?
1230e
In base 11, what is 18 - 7257?
-723a
In base 11, what is -7748525 + -4?
-7748529
In base 15, what is -5142 - -193?
-4e9e
In base 8, what is 0 - 62426?
-62426
In base 11, what is -15466 + -2196?
-17651
In base 4, what is -2211303011 - 2?
-2211303013
In base 11, what is -37552366 - 1?
-37552367
In base 2, what is 1010101111100010000101010100 - -1001?
1010101111100010000101011101
In base 6, what is -1431410055 + 23?
-1431410032
In base 16, what is 7a8 - -46a?
c12
In base 8, what is 65 + -147674?
-147607
In base 14, what is -321a95 - -1a1?
-3218d4
In base 4, what is -10211 - 1122013132?
-1122030003
In base 6, what is -2105312 - 1440?
-2111152
In base 16, what is 305d6e1 + 2?
305d6e3
In base 7, what is -35036 - -140456?
102420
In base 8, what is -600111 + 35?
-600054
In base 8, what is -5673101 + -645?
-5673746
In base 13, what is 42 - -590c5b2?
590c624
In base 11, what is -20460474 - -4?
-20460470
In base 3, what is -211220211112 + 21?
-211220211021
In base 12, what is 3 + 31678a9a?
31678aa1
In base 6, what is -1143 + -10415524?
-10421111
In base 3, what is -1011112011 + 1021021?
-1010020220
In base 12, what is -162322b0 + -4?
-162322b4
In base 15, what is -1e16 - -d22a?
b314
In base 14, what is -4933 + b5?
-485c
In base 11, what is -3a0028 - -20?
-3a0008
In base 3, what is 102111020210 - 100200?
102110220010
In base 7, what is 4 - -46143251?
46143255
In base 8, what is 2246116 + -16?
2246100
In base 2, what is -101111 - -11000110100101111011101?
11000110100101110101110
In base 9, what is -11517 + -46528?
-58146
In base 6, what is -3455100 + -2?
-3455102
In base 10, what is -18504780 - -25?
-18504755
In base 5, what is -30030434 - -13023?
-30012411
In base 9, what is 337243 + -21?
337222
In base 6, what is 24422401 + 3?
24422404
In base 5, what is -21 - -213301411?
213301340
In base 5, what is -12420212041 - -24?
-12420212012
In base 13, what is -527a8a8 - 1?
-527a8a9
In base 7, what is 3446 - -1103634?
1110413
In base 2, what is 100 - -101010010100001010001?
101010010100001010101
In base 14, what is -52648 + -56?
-526a0
In base 5, what is -2402 + 110201?
102244
In base 14, what is -73a312 + -5c?
-73a370
In base 15, what is -3 - 3e3dc?
-3e3e0
In base 13, what is -2553 - -c338?
9ab5
In base 4, what is -103132310 - -102?
-103132202
In base 5, what is 20443132 + -122?
20443010
In base 16, what is -1c1 + 4bfb?
4a3a
In base 2, what is -1111011100100011101 + -1?
-1111011100100011110
In base 10, what is 4 + -5564165?
-5564161
In base 2, what is 11110001000001100001011011 + 101?
11110001000001100001100000
In base 7, what is 1106 - 24301304?
-24300165
In base 6, what is 254353 - 15204?
235145
In base 12, what is 1201 - -a14?
2015
In base 12, what is b15 + 3a69?
4982
In base 15, what is 20e37d8 - -1?
20e37d9
In base 12, what is -7910b4 + 0?
-7910b4
In base 6, what is -4310501 - 12115?
-4323020
In base 13, what is -130ab236 + -5?
-130ab23b
In base 4, what is 213110113002033 + -3?
213110113002030
In base 9, what is -1023 + -8106?
-10130
In base 2, what is -1101110101111111111001 - 101?
-1101110101111111111110
In base 2, what is 1000101101 - -10101111000110?
10110111110011
In base 15, what is 49a73 - 2d?
49a45
In base 7, what is -5525 + -20421?
-26246
In base 9, what is -12 - 32108126?
-32108138
In base 6, what is -3352211140 - -2?
-3352211134
In base 9, what is -110707 - -4774?
-104823
In base 7, what is 2 + 126266324?
126266326
In base 4, what is 121330021 - 0?
121330021
In base 15, what is -51038 - 5e?
-51097
In base 4, what is -32001030 + 1130?
-31333300
In base 9, what is -1171 + 241742?
240561
In base 9, what is -18128 + 1426?
-16602
In base 10, what is -28 + -1721828?
-1721856
In base 10, what is -3752 - 48?
-3800
In base 5, what is -1 - -412341341321?
412341341320
In base 5, what is -3 - 431000422?
-431000430
In base 5, what is 24320 + 3301?
33121
In base 13, what is -22 + 105460?
10543b
In base 14, what is -2980 - -63?
-291b
In base 11, what is -2124598 + -3a?
-2124627
In base 5, what is -12 + 133032013?
133032001
In base 9, what is 1 + -23415067?
-23415066
In base 6, what is 25513314 - 112?
25513202
In base 8, what is 63 + 2711?
2774
In base 3, what is 1100111 + -110002010?
-101201122
In base 11, what is -10 - 3183519?
-3183529
In base 15, what is 8da - 148b?
-aa1
In base 12, what is -5 + -a00a77?
-a00a80
In base 15, what is 18313 + -3e0?
17e23
In base 3, what is 2200120 + -12020010?
-2112120
In base 9, what is -2 - 8188721?
-8188723
In base 6, what is 11352333431 - 2?
11352333425
In base 2, what is -110111001010111100011 - 100100?
-110111001011000000111
In base 13, what is 8 + 2b0a5?
2b0b0
In base 16, what is 1 - c88d9?
-c88d8
In base 6, what is 1152321131 - -4?
1152321135
In base 15, what is -e4544 - -3e6?
-e414d
In base 3, what is 20 + 101111201120?
101111201210
In base 4, what is 133202331221 - -101?
133202331322
In base 4, what is 21220321 + -1010320?
2021000